e third derivative of 11*y**4/12 - 3*y**2. Let l be b(3). Suppose l = 4*o - o. What is the remainder when 65 is divided by o?
21
Let u(q) = -q**2 - 5*q + 8. Let n be u(-6). Let t = n - 2. Suppose t = 3*d - 15, 0*a = 4*a + 4*d - 124. Calculate the remainder when 50 is divided by a.
24
Suppose -3*x - p + 4 + 2 = 0, 4*p = -4*x. Suppose -x*s + 123 = 6*i - i, 4*i = 5*s + 128. Calculate the remainder when i is divided by 14.
13
Suppose 0*c = 4*c - i - 96, 0 = -4*c + 4*i + 96. Suppose -4*o + c = 4*p, -5*o = p - 2 - 4. What is the remainder when 11 is divided by p?
5
Let h(s) = s**3 + 9*s**2 - 22*s + 10. Calculate the remainder when 27 is divided by h(-11).
7
Let i = -1 + 4. Let j(o) = -3*o - 14. Let u be j(-7). Let v(a) = -a**2 + 7*a + 5. What is the remainder when v(u) is divided by i?
2
Let b(m) = 2*m**2 + 7*m + 4. Suppose -2*k + 10 + 0 = 0. What is the remainder when b(-4) is divided by k?
3
Suppose -2*r + 3 = -1. Let t(y) = 2*y**3 - 4*y**2 + 2*y + 1. What is the remainder when 8/20 - (4 - 352/20) is divided by t(r)?
4
Suppose 4*i + t - 148 = 217, 4*i - 383 = 5*t. Suppose f = -w + 4*w - 62, -5*w - 4*f = -i. Calculate the remainder when 38 is divided by w.
18
Suppose 60 = 3*t - 45. Calculate the remainder when 66 is divided by t.
31
Suppose -4*d + 20 = 4*p, -2*p = 3*d - 7*p - 55. Let c be (-2)/3 - (-18)/27. Suppose c = 3*o - d - 65. Calculate the remainder when o is divided by 7.
4
Let x(m) = -m**2 + 8*m. Let j be x(6). What is the remainder when 368/14 - j/42 is divided by 9?
8
Let b(r) = r**2 + 17. Let x = 13 + 1. What is the remainder when b(0) is divided by (12/x)/(3/21)?
5
Suppose -7*p = -2*p - 145. Calculate the remainder when 86 is divided by p.
28
Let g(a) = a + 7. Suppose 3*v + v = 56. Calculate the remainder when 230/4 - 7/v is divided by g(8).
12
Suppose t + 2*f + f = 11, 2*t - 2*f = -2. Suppose 2*c = 2, 2*q - c - 17 = -0*q. Suppose 4*h - q = 19. What is the remainder when h is divided by t?
1
Suppose 5*d + 5*h - 85 = 0, -5*d + 3*h + 48 = -5. What is the remainder when (2196/(-427))/((15/(-14))/5) is divided by d?
11
Suppose 0 = 5*s - 4*s - 4*j - 30, 5*s - 62 = -2*j. Let i = -18 - -26. What is the remainder when s is divided by i?
6
Let a(g) = 3*g + 52. Calculate the remainder when 109 is divided by a(-10).
21
Let d = -13 + 21. Let w = 109 + -62. Let c = w + -24. Calculate the remainder when c is divided by d.
7
Let x be (3 - (-6)/(-3))*-2. Let f be 3/x - (-165)/6. Suppose 0 = 2*y - 10 - f. Calculate the remainder when 35 is divided by y.
17
Let z = 106 + -95. Calculate the remainder when 17 is divided by z.
6
Let n = 343 + -201. What is the remainder when n is divided by 29?
26
Let d(f) = 8*f**2 + 1. Calculate the remainder when 33 is divided by d(-1).
6
Let u(o) = -45*o - 2. Let w be u(-2). Calculate the remainder when 10 is divided by 2/(-7) - w/(-14).
4
Let s = -118 - -142. Calculate the remainder when 42 is divided by s.
18
Suppose 4*v + 0 + 23 = 5*m, 3*v = -5*m + 9. What is the remainder when m is divided by 2?
1
Let j(p) = p**2 - p. Let r be j(0). Suppose 12 = 3*f - r*f. Calculate the remainder when f is divided by 2.
0
Let w(s) = 9*s**2 - 3*s + 6. Let d be w(5). Suppose 5*u + 1 - d = 0. Let q = -29 + u. Calculate the remainder when q is divided by 8.
6
What is the remainder when 70 is divided by 32/2 + (2 - 0)?
16
Suppose 3*k = w - 14, -2*w - 3*k + k = -36. What is the remainder when 63 is divided by w?
12
Let t(r) = r + 4. Let o be t(0). Let b = o - -2. Calculate the remainder when 16 is divided by b.
4
Suppose -v - 6 = 4*p, 4*v + 16 = 5*p + 97. What is the remainder when v is divided by 9?
5
Calculate the remainder when 31 is divided by -1*1/((-2)/22).
9
Let z(t) = 7*t**2 + 5*t - 4. What is the remainder when z(3) is divided by 11?
8
Let n = 25 + -15. Calculate the remainder when ((-4)/6)/((-4)/222) is divided by n.
7
Let l be (0 + -2 - -3)*31. Suppose -l = -t - 4. Calculate the remainder when t is divided by 7.
6
Let q = 30 + 60. What is the remainder when q is divided by 47?
43
Let y = -15 - -25. Suppose y*p - 7*p = 0. Calculate the remainder when 29 is divided by 11 - p/(-3) - 1.
9
Let p be -3 + 1 + -1 + 12. Let c(o) = 5*o**2 - o - 1. Let k be c(-1). Let m = p - k. Calculate the remainder when m is divided by 2.
0
Let c(d) = d**3 + 8*d**2 + d + 9. Calculate the remainder when c(-7) is divided by 11.
7
Calculate the remainder when 12 is divided by 2/(2 + 0)*7.
5
Suppose 5*j + 25 = 0, -2*y - 22 = j - 193. Suppose 4*w + w = -l + y, l - 4*w - 43 = 0. What is the remainder when l is divided by 16?
15
Let h(z) = z**3 + 9*z**2 - 26*z - 14. Calculate the remainder when h(-11) is divided by 6.
0
Suppose 4*m - 17 = -2*v + 29, v + 43 = 4*m. Suppose l - m = -q, -q - 4*l - 13 = -9*l. What is the remainder when q is divided by 5?
2
Suppose 2*s + 4*s = 18. Let k = -3 + 5. Suppose -2*b = k*q, b = 2*q + 1 - 4. Calculate the remainder when s is divided by q.
0
Let j be (1 - (-4 + 1))/2. Suppose -18 = c - 4*c + 3*z, j*c = -2*z + 20. What is the remainder when (23/4)/(2/8) is divided by c?
7
Suppose -4*u + 14 = s, u + 34 = 4*s - 5. Let m(f) = -3*f**2 + 7*f + 2*f + 2*f**2. What is the remainder when m(6) is divided by s?
8
Let q be 212/(-18) + (-2)/9. What is the remainder when 41 is divided by (-176)/q - (-4)/(-6)?
13
Calculate the remainder when (-164)/(-2) - 20/(5 - 10) is divided by 22.
20
Suppose -9*z + 4*z - 70 = 0. Let h = z + 24. Suppose -36 = -g + 4*q, 0*g - 22 = -g - 3*q. What is the remainder when g is divided by h?
8
Let p(c) = 4*c**2 + 4 - 10 - 5*c**2 - 10*c. Calculate the remainder when 44/8 + 1/(-2) is divided by p(-9).
2
Let g(j) = -j**2 + 9*j + 8. Let v be g(7). Let m = -14 + v. Calculate the remainder when (20/(-3) + 2)*-3 is divided by m.
6
Let t(f) = -48*f - 1. Let v be t(-2). Suppose 5*l - v = 55. Suppose -3*m = -6*m + 24. Calculate the remainder when l is divided by m.
6
Suppose -3*c = -4*u + 43, 5*u - 2*c + 0*c = 45. What is the remainder when 20 is divided by u?
6
Suppose 2*h = -3*h - 165. Let g(r) = r**3 - 6*r**2 + 6*r - 2. What is the remainder when (h/(-12))/((-2)/(-8)) is divided by g(5)?
2
Let j(v) = -v**3 + 13*v**2 - 19*v - 3. What is the remainder when j(7) is divided by 53?
52
Let c(q) = 3*q**2 + 2*q + 2 + q + 2*q + 0*q. Let o be 1/((2/3)/(-2)). What is the remainder when 26 is divided by c(o)?
12
Let n(j) = j**3 + 5*j**2 - 1. Let x be 3/2*2/1. Suppose -x*o - 88 = -5*o. Calculate the remainder when o is divided by n(-4).
14
Calculate the remainder when 24 is divided by 2 - ((3 - -1) + -9).
3
Let p be 2 + (1 - 301*-1). Suppose -2*o + 6*o = p. Suppose -3*x + 56 - 6 = -r, o = 5*x + 2*r. What is the remainder when 46 is divided by x?
14
Suppose 2*l - 3*v - 5 = -4*v, l + 3*v = -10. Let h(k) = -k + 8. Let q be h(5). Suppose l = q*i - 10. What is the remainder when i is divided by 2?
1
Suppose -2*d + 5 = 1. Suppose l - 33 = -d*l. What is the remainder when l is divided by 6?
5
Suppose 2*u - 152 = -2*u. Suppose 2*t = -0*t + u. Let g(f) = f**2 + 13*f - 20. What is the remainder when t is divided by g(-15)?
9
Calculate the remainder when (-158)/(-4) + 14/(-28) is divided by 20.
19
Suppose h - 2 = 0, 3*t + 3*h = t + 2. Let c = t - -8. Suppose 3*g - 71 = -5. What is the remainder when g is divided by c?
4
Let a = 19 + 9. What is the remainder when 40 is divided by (a/(-3))/(4/(-6))?
12
Suppose -5 = u - r, 0*r - 18 = 5*u + 2*r. Calculate the remainder when (32/(-40))/(u/70) is divided by 8.
6
Let s(a) = a**3 + 7*a**2 + 6*a + 9. Let p be s(-8). Let u = 162 + p. What is the remainder when u is divided by 12?
11
Suppose 4*j - 25 = 79. Calculate the remainder when ((-13)/j)/(1/(-90)) is divided by (1 - -21) + -1 + 2.
22
Let x(p) = -p**3 + 6*p**2 + 8*p - 4. Let o be x(6). Suppose 0 = -3*k + 25 + o. What is the remainder when k is divided by 8?
7
Let t = 4 + 0. Suppose -t*c + 124 = -0*c. Calculate the remainder when c is divided by 11.
9
Let i = -59 - -42. Let s be 1/3 + 172/6. Let c = s + i. What is the remainder when 34 is divided by c?
10
Let x = -2 - 2. Let d = 6 + x. Let f = -1 - -5. Calculate the remainder when f is divided by d.
0
Let t = 54 - 38. Let l = -8 + t. Calculate the remainder when l is divided by 5.
3
Suppose 2*z + 2*m - 3*m = 26, -32 = -2*z - 2*m. Suppose 137 = 5*t + 2*n + z, 4*n = -t + 21. Calculate the rema